ulate the remainder when 31 is divided by 5.
1
What is the remainder when 1411 is divided by 14?
11
What is the remainder when 823 is divided by 55?
53
What is the remainder when 284 is divided by 37?
25
Calculate the remainder when 879 is divided by 191.
115
Calculate the remainder when 6533 is divided by 3.
2
What is the remainder when 29137 is divided by 124?
121
Calculate the remainder when 394 is divided by 127.
13
Calculate the remainder when 213 is divided by 98.
17
Calculate the remainder when 375 is divided by 342.
33
What is the remainder when 162 is divided by 26?
6
Calculate the remainder when 4732 is divided by 32.
28
What is the remainder when 960 is divided by 912?
48
Calculate the remainder when 46 is divided by 12.
10
Calculate the remainder when 341 is divided by 322.
19
What is the remainder when 87 is divided by 45?
42
What is the remainder when 58 is divided by 20?
18
What is the remainder when 111 is divided by 19?
16
What is the remainder when 250 is divided by 65?
55
Calculate the remainder when 243 is divided by 31.
26
What is the remainder when 970 is divided by 12?
10
What is the remainder when 343 is divided by 340?
3
Calculate the remainder when 263 is divided by 67.
62
What is the remainder when 5869 is divided by 1948?
25
What is the remainder when 599 is divided by 15?
14
Calculate the remainder when 814 is divided by 91.
86
Calculate the remainder when 104 is divided by 15.
14
Calculate the remainder when 1056 is divided by 46.
44
Calculate the remainder when 266 is divided by 39.
32
Calculate the remainder when 465 is divided by 12.
9
Calculate the remainder when 1044 is divided by 346.
6
What is the remainder when 1197 is divided by 16?
13
What is the remainder when 404 is divided by 68?
64
What is the remainder when 133 is divided by 45?
43
Calculate the remainder when 503 is divided by 185.
133
What is the remainder when 363 is divided by 10?
3
What is the remainder when 61 is divided by 34?
27
Calculate the remainder when 1347 is divided by 25.
22
What is the remainder when 737 is divided by 98?
51
What is the remainder when 193 is divided by 41?
29
What is the remainder when 224 is divided by 19?
15
What is the remainder when 249 is divided by 7?
4
Calculate the remainder when 2137 is divided by 18.
13
Calculate the remainder when 3897 is divided by 1286.
39
Calculate the remainder when 232 is divided by 22.
12
What is the remainder when 152 is divided by 14?
12
What is the remainder when 3838 is divided by 32?
30
What is the remainder when 359 is divided by 121?
117
Calculate the remainder when 681 is divided by 22.
21
What is the remainder when 23 is divided by 10?
3
Calculate the remainder when 4627 is divided by 52.
51
What is the remainder when 111 is divided by 38?
35
What is the remainder when 264 is divided by 90?
84
Calculate the remainder when 104 is divided by 35.
34
What is the remainder when 1382 is divided by 460?
2
Calculate the remainder when 16428 is divided by 52.
48
Calculate the remainder when 276 is divided by 31.
28
Calculate the remainder when 38099 is divided by 50.
49
What is the remainder when 370 is divided by 186?
184
What is the remainder when 498 is divided by 18?
12
Calculate the remainder when 126 is divided by 44.
38
Calculate the remainder when 649 is divided by 25.
24
What is the remainder when 477 is divided by 461?
16
What is the remainder when 6802 is divided by 83?
79
Calculate the remainder when 334 is divided by 208.
126
Calculate the remainder when 1695 is divided by 106.
105
What is the remainder when 607 is divided by 156?
139
Calculate the remainder when 171 is divided by 58.
55
Calculate the remainder when 50 is divided by 11.
6
Calculate the remainder when 72 is divided by 37.
35
Calculate the remainder when 1312 is divided by 316.
48
Calculate the remainder when 200 is divided by 129.
71
What is the remainder when 442 is divided by 138?
28
Calculate the remainder when 1389 is divided by 3.
0
What is the remainder when 1318 is divided by 55?
53
Calculate the remainder when 215 is divided by 22.
17
Calculate the remainder when 6558 is divided by 20.
18
What is the remainder when 126 is divided by 16?
14
What is the remainder when 10942 is divided by 18?
16
Calculate the remainder when 1019 is divided by 54.
47
What is the remainder when 333 is divided by 12?
9
What is the remainder when 114 is divided by 47?
20
What is the remainder when 358 is divided by 24?
22
What is the remainder when 156 is divided by 83?
73
What is the remainder when 752 is divided by 29?
27
Calculate the remainder when 11819 is divided by 23.
20
What is the remainder when 990 is divided by 166?
160
What is the remainder when 324 is divided by 11?
5
What is the remainder when 104 is divided by 6?
2
What is the remainder when 307 is divided by 104?
99
Calculate the remainder when 887 is divided by 223.
218
What is the remainder when 248 is divided by 20?
8
Calculate the remainder when 303 is divided by 16.
15
Calculate the remainder when 951 is divided by 26.
15
What is the remainder when 1971 is divided by 68?
67
Calculate the remainder when 10360 is divided by 12.
4
What is the remainder when 115 is divided by 28?
3
Calculate the remainder when 313 is divided by 35.
33
What is the remainder when 330 is divided by 4?
2
Calculate the remainder when 1353 is divided by 217.
51
Calculate the remainder when 293 is divided by 53.
28
What is the remainder when 209 is divided by 110?
99
What is the remainder when 15918 is divided by 31?
15
What is the remainder when 893 is divided by 216?
29
Calculate the remainder when 402 is divided by 13.
12
Calculate the remainder when 123 is divided by 7.
4
What is the remainder when 1084 is divided by 32?
28
What is the remainder when 2278 is divided by 15?
13
Calculate the remainder when 5032 is divided by 80.
72
What is the remainder when 912 is divided by 335?
242
What is the remainder when 276 is divided by 10?
6
Calculate the remainder when 637 is divided by 22.
21
Calculate the remainder when 9707 is divided by 5.
2
Calculate the remainder when 2366 is divided by 125.
116
What is the remainder when 460 is divided by 8?
4
What is the remainder when 36 is divided by 1?
0
What is the remainder when 2535 is divided by 19?
8
Calculate the remainder when 191 is divided by 54.
29
What is the remainder when 599 is divided by 43?
40
What is the remainder when 987 is divided by 266?
189
Calculate the remainder when 147 is divided by 32.
19
What is the remainder when 1247 is divided by 48?
47
Calculate the remainder when 132 is divided by 38.
18
Calculate the remainder when 365 is divided by 77.
57
Calculate the remainder when 1100 is divided by 137.
4
What is the remainder when 6122 is divided by 175?
172
What is the remainder when 4419 is divided by 26?
25
Calculate the remainder when 557 is divided by 20.
17
Calculate the remainder when 57 is divided by 30.
27
Calculate the remainder when 29 is divided by 11.
7
Calculate the remainder when 709 is divided by 71.
70
What is the remainder when 470 is divided by 17?
11
Calculate the remainder when 747 is divided by 32.
11
What is the remainder when 1879 is divided by 46?
39
What is the remainder when 5542 is divided by 23?
22
What is the remainder when 5329 is divided by 127?
122
What is the remainder when 182 is divided by 61?
60
What is the remainder when 101 is divided by 76?
25
Calculate the remainder when 70 is divided by 25.
20
Calculate the remainder when 19050 is divided by 87.
84
What is the remainder when 1099 is divided by 32?
11
Calculate the remainder when 339 is divided by 66.
9
What is the remainder when 120 is divided by 64?
56
What is the remainder when 286 is divided by 275?
11
Calculate the remainder when 77 is divided by 58.
19
Calculate the remainder when 315 is divided by 146.
23
Calculate the remainder when 203 is divided by 8.
3
Calculate the remainder when 3284 is divided by 11.
6
What is the remainder when 613 is divided by 16?
5
What is the remainder when 1217 is divided by 37?
33
What is the remainder when 96 is divided by 38?
20
What is the remainder when 524 is divided by 7?
6
Calculate the remainder when 1526 is divided by 4.
2
What is the remainder when 101 is divided by 2?
1